i) + 8*v(i). Give j(-9).
10
Let g be (-9)/(9/5)*(3 - 4). Let h(w) = 6*w - 3. What is h(g)?
27
Let t(x) = 148*x**2 - 19*x - 98. Let w(j) = -84*j**2 + 10*j + 50. Let z(a) = -4*t(a) - 7*w(a). Calculate z(4).
2
Suppose 0 = -2*t - 2*d - 44, 10*d - 7*d = t + 14. Let v(k) = -8*k - 100. Give v(t).
60
Let o = 75 + -65. Let w(l) = -29*l + 5*l - 12 + 13*l + o*l. Let d(p) = -p**2 - 6*p - 2. Let v be d(-7). Give w(v).
-3
Let h = -18 + 21. Let t(m) = -15*m - 6 + h*m + 5. Suppose 0*y - 8 = -4*y. Calculate t(y).
-25
Let d(k) be the third derivative of -k**5/60 + 5*k**4/12 + 5*k**3/6 - 3079*k**2. Calculate d(0).
5
Let w(q) = 14*q + 1. Let p = 48 - 96. Let r be ((-80)/18)/((-16)/p)*-3. Suppose 6*y + r = 34. Determine w(y).
-13
Let m(h) = h**3 + 27*h**2 - 47 - 35*h**2 + 13*h + 42 + 0*h**3. Give m(7).
37
Let n(q) = -3*q - 13. Let p(x) = x + 4. Let g be 0 + 0 + 0/1 + -2. Let l(i) = -i**3 + 4*i**2 - 2*i + 1. Let b be l(4). Let v(h) = b*p(h) + g*n(h). Give v(-2).
0
Let y(t) = -t**3 + 11*t**2 + 13*t - 9. Suppose -3*o = -15, -55 = 3*w - 8*w - 2*o. Let q(p) = -2*p**2 - p + 3 + p**2 - w*p. Let r be q(-9). Give y(r).
3
Suppose -2*w = -2*y + 8, 3*w + 6 = -2*y - 6. Let k(m) be the second derivative of -m**4/12 + 2*m**2 - 90*m + 1. What is k(y)?
4
Let k(q) = 6 + 1037759*q + 26 - q**2 - 1037742*q. Determine k(22).
-78
Let y(q) = -16*q**3 - 15*q**2 + 9*q + 4. Let o(d) = 3*d**3 + 3*d**2 - 2*d - 1. Let k be 4/(-12)*1*0 + -2. Let x(t) = k*y(t) - 11*o(t). Give x(-4).
3
Let i(l) = 35*l - 1190. Let o(f) = -8*f + 267. Let n(g) = -9*i(g) - 40*o(g). Calculate n(3).
45
Let g(r) be the third derivative of -r**4/4 - 7*r**3/3 + 555*r**2. Calculate g(-3).
4
Let o(q) = -2*q**3 + q. Let v be o(-1). Suppose -8*m = -5*m. Let n(s) = -29*s**2 - 1 + 32*s**2 + m. What is n(v)?
2
Let k(y) = 76 + 58 + 2*y - 7*y - 93. Give k(8).
1
Let o(d) = -15*d**2 - 34*d**2 - 35 + 43*d**2 + 2*d. Let m(z) = -z**2 - 7. Let f(b) = 11*m(b) - 2*o(b). What is f(9)?
38
Let x(j) = -8*j**2 - 32*j - 32. Let b(q) = 3*q**2 + 11*q + 11. Let i(l) = -11*b(l) - 4*x(l). Suppose -98*z + 521 = 388 - 749. Calculate i(z).
-11
Let s(c) = c**3 - 11*c**2 + 9*c + 4. Let g be 15/(-6) + 1425/114. Calculate s(g).
-6
Let r(w) = 2257*w - 1085 - 2229*w + 1057 - 3*w**2. What is r(1)?
-3
Let n(s) = -2*s**2 + s + 1. Let v(a) be the first derivative of 7*a**3/3 + 9*a**2/2 - 22*a + 64. Let t(w) = -4*n(w) - v(w). Give t(12).
6
Let i(q) = 42*q**2 - 7*q - 6. Let w(g) = 177*g + 3008. Let p be w(-17). Calculate i(p).
43
Let x(o) = -6*o - 6. Suppose 0 = w - 2*m - 8, -w + 14 = -4*m - 0*m. Suppose -w*a + 252 = 7*a. Suppose 4*h + a = -4*y, 2*y - 4*y = -5*h - 14. Calculate x(h).
18
Let m(p) = -p**2 + 7*p - 5. Let y(w) = 3*w + 9. Let z be y(5). Let d = 156 - 151. Suppose d*l - z = -l. What is m(l)?
7
Suppose 63*a = -74*a - 18*a. Let h(l) = l**2 - l - 11. Let r = -1 + -3. Let p(u) = -1. Let s(g) = r*p(g) + h(g). What is s(a)?
-7
Let a(m) = 5*m. Suppose -2 - 4 = s. Let o(v) = -v - 1. Let w(x) = s*o(x) - a(x). Suppose 12*r = 10*r - 4, 31 = 5*l - 3*r. What is w(l)?
11
Let u be 6/(-14) + (-585)/(-91). Let j(l) = -6*l**2 - l - u + l**3 - l + 9*l. Suppose 47*i - 182 = 53. Calculate j(i).
4
Let x(b) = 18*b + 1 + b**2 - 20*b - 2. Let a = -19 - 251. Let w = -272 - a. Give x(w).
7
Let b be (-12 - 0)/(29/16 - 2). Let v(x) = 0*x**2 + x**2 + 7*x - b + 68. Calculate v(-5).
-6
Let p(q) be the first derivative of q**6/360 - 11*q**5/120 - q**4/8 - 49*q**3/3 - 66. Let a(t) be the third derivative of p(t). Calculate a(10).
-13
Let u(l) be the first derivative of -1/4*l**4 - 55 + 1/2*l**2 + l + 1/3*l**3. Give u(3).
-14
Let x(m) = -51*m. Let p(g) = 249*g - 385. Let v(d) = -p(d) - 6*x(d). Give v(-7).
-14
Let z(c) be the second derivative of -22*c**3/3 - c**2 - 2*c + 2290. What is z(-2)?
86
Let i(l) = -l**3 + 13*l**2 - 26*l + 60. Let k be i(11). Let f(s) = -s**2 + 24*s - 121. Give f(k).
7
Let l(x) = -x**3 + 34*x**2 - 8*x + 2. Let g(n) = -n**3 + 44*n**2 - 10*n + 3. Let t(c) = -3*g(c) + 4*l(c). Let o(y) = y**2 - 4*y - 1. Let z be o(5). Give t(z).
-9
Let u(x) be the second derivative of x**6/720 - x**5/30 + 17*x**4/12 + 8*x. Let r(o) be the third derivative of u(o). Let t = 92 + -98. Determine r(t).
-10
Let y(b) = 4*b**3 - 14*b**2 + b + 4. Let a be y(3). Let j(u) = 2*u + 7. Let f(s) = -4*s - 9. Let t(q) = -2*f(q) - 5*j(q). Calculate t(a).
5
Let o(n) be the second derivative of -n**2 - 286*n + 0 + 1/2*n**3 + 1/12*n**4. Suppose 3*w + 6 = w. Determine o(w).
-2
Let i(q) = 3*q**2 - 16*q - 14. Let c(d) = -d**2 + 8*d + 7. Let n(r) = -5*c(r) - 2*i(r). Let p = 675 - 666. Suppose p*a = -51 - 3. Give n(a).
5
Let h(r) = 2*r**3 - 34*r**2 + 2*r + 24. Let d(l) = 2*l**2 - l + 1. Let i(m) = -3*d(m) - h(m). Determine i(14).
-13
Suppose -s + 8 = 14. Let z(a) = -13*a**3 - 20*a**2 - 2*a - 26. Let m(g) = 3*g**3 + 5*g**2 + 6. Let f(i) = 9*m(i) + 2*z(i). What is f(s)?
-10
Let n(u) = -87*u + 1563. Let b be n(18). Let g(o) be the first derivative of -o**3/3 - 2*o - 2. Give g(b).
-11
Let r(v) = v**3 - v**2 - v + 3. Suppose -i - 2 + 2 = 0. Suppose f + 258 = 3*a - f, -3*f = i. Let b = a + -86. Calculate r(b).
3
Suppose -16*m + 9 = 25*m + 9. Let g(f) = f**3 + 2*f**2 - 2*f + 2. What is g(m)?
2
Let h(a) be the first derivative of a**4/2 - 2*a**3/3 - 3*a**2/2 - 2*a - 21859. Let s be (0 - 4)*(-2)/(-4). Give h(s).
-20
Let r(j) = -j - 17. Let k = 2920 - 2924. Give r(k).
-13
Suppose 0 = -2*l + 9 + 9. Let f(a) = 31*a + 23. Let j(p) = 17*p + 12. Let x(d) = -6*f(d) + 11*j(d). Calculate x(l).
3
Let r(w) = -w**3 + 8*w**2 - 7*w - 5. Let z(a) be the first derivative of a**3/3 + 2*a**2 - 5*a + 40. Let b be 1/(-3 - 34/(-12)). Let m be z(b). Determine r(m).
-5
Let d(c) = -2 - 3 + 10*c**2 - c**3 - 4*c + 5*c + 0*c. Let g be d(10). Let w(x) = -2*x - x**2 + 0 + g - 2 + 0*x**2. Determine w(-3).
0
Let c(j) = -j**2 + j - 1. Let u(b) = -2*b**2 - 5. Let t = 30 - 29. Suppose 4 = 3*a + t. Let w(v) = a*u(v) - 3*c(v). Give w(3).
-2
Let a(b) = 2*b**3 - 15*b**2 - 10*b - 8. Let j(p) = p**3 - 7*p**2 - 5*p - 3. Let o(i) = -4*a(i) + 9*j(i). Suppose 6*l - 30 = -6. What is o(l)?
1
Let j = 270 - 231. Let x(p) = 2 - j*p + 70*p - 34*p. Calculate x(-5).
17
Let t(d) be the first derivative of -d**4/4 + 10*d**3/3 - d**2 + 18*d - 768. Calculate t(10).
-2
Let h(o) = -2*o**3 - 3*o**2 - o - 1. Let x be h(-2). Suppose 5*r - 2*w = -6 + 15, x*w + 15 = 5*r. Let b(g) = 2*g + 1 - 8*g - 3*g + 0 - 7*g. Calculate b(r).
-15
Let b(f) = -2*f**3 - 18*f**2 + 4*f + 19. Let r(l) = -3*l**3 - 26*l**2 + 7*l + 28. Let c(i) = 7*b(i) - 5*r(i). Let p = -7 + 2. Give c(p).
3
Let z(s) be the third derivative of s**5/60 - s**4/6 - s**3 + 2*s**2. Suppose 266*q - 234*q = 192. Determine z(q).
6
Let j(m) = 1. Let z(q) = 0*q - 3 - 6 - 4*q. Let n(s) = -4*j(s) - z(s). Let l be (2/1)/((-125)/100*48/150). Give n(l).
-15
Let k = 51 + -31. Suppose 2*n - 31 = 3*b + 33, k = -5*b. Let x = n + -24. Let v(a) = -7*a - 2. Give v(x).
-16
Let k(i) = 14*i**3 - 91*i**2 - 127*i - 3. Let z(p) = 5*p**3 - 30*p**2 - 43*p - 1. Let t(s) = -4*k(s) + 11*z(s). What is t(35)?
1
Let p(a) = -3*a**2 + a - 5*a - 114*a**3 + 1 + 113*a**3 + 5*a. What is p(1)?
-2
Let v(c) = -287*c**2 - 14*c - 11 + 419*c**2 - 133*c**2. Suppose -3*j - 5*a = 15, -2*j - 7*a = -3*a + 8. Calculate v(j).
29
Let s(x) = -5*x**3 + 3*x**2 - 3*x - 3. Suppose 0 = -7*a + 4*a + 9. Let m(k) = 0*k**3 + 2 + 0*k + 4*k**3 + 3*k - a*k**2. Let d(v) = -4*m(v) - 3*s(v). Give d(2).
-1
Suppose 4*n - 4*z = -4, 100*n = 99*n + 3*z - 9. Let i(c) be the second derivative of -19*c - 1/12*c**4 - 3*c**2 + 7/6*c**n + 0. Give i(5).
4
Let r(f) = -11*f**3 - f**2 + 5*f - 14. Let q(x) = -5*x**3 - x**2 + 2*x - 7. Let c(d) = 9*q(d) - 4*r(d). Let g = -191 - -186. Calculate c(g).
3
Let k(n) = -n**2 + 8*n - 1. Let m be k(7). Let v(h) be the second derivative of h**3/3 - 3*h**2/2 + 3*h - 75. What is v(m)?
9
Suppose -230 = 2*v - 84. Let u = 76 + v. Suppose -3*d = u*n - 15, d = -3*n - 2*n + 29. Let m(p) = -p**3 + 4*p**2 + 8*p + 4. Determine m(n).
-20
Let t be -1*((-806)/156)/31. Let x(j) be the second derivative of -3*j**2 + 30*j + t*j**3 + 0. Calculate x(6).
0
Suppose 67*q - 69*q + 18 = 0. Let o(n) = n**3 - 6*n**2 - 19*n. Let u be o(q). Suppose 15*p = 6*p - u. Let f(z) = -z**3 - 7*z**2 + 10*z + 12. Calculate f(p).
-4
Let h(p) = -2686*p + 5368*p - 119 - 2691*p - 189. What is h(-34)?
-2
Le